 digit of x?
1
Suppose -3*g = 4*m - 6450, -4*g + 4*m = -6966 - 1606. What is the thousands digit of g?
2
Let i = 101023 - 65508. What is the ten thousands digit of i?
3
Let h(a) = a**3 + 9*a**2 - 4*a - 1. Let i(g) be the first derivative of -g**2 - 31*g - 11. Let o be i(-11). What is the units digit of h(o)?
5
Let z = 92 - 199. Let f = 438 - z. What is the hundreds digit of f?
5
Suppose -5*z - 5 = -5*d, 1 = -4*z + d - 0. Suppose 24*y - 3648 = -z*y. What is the hundreds digit of y?
1
Let m = 145 + -42. Suppose 10*k - 5*k - 153 = -3*c, -c - m = -3*k. What is the tens digit of k?
3
Let w(g) be the third derivative of g**5/15 - 11*g**4/12 - 7*g**3/3 + 9*g**2 - 2*g. What is the tens digit of w(13)?
7
Let l be 1484/(-1*(-5 - -4)). Suppose 3*d - l = 2*i, -3*d + i = 3*i - 1480. What is the hundreds digit of d?
4
Suppose -630 = -110*v + 116*v. Let k be (42/v)/(2/10). Let c(p) = -36*p**3 + 3*p**2 - 3. What is the units digit of c(k)?
7
Let s be (-6 + 12)/(6/(-20)). Suppose b = -0*r - r + 165, b + 2*r - 163 = 0. What is the hundreds digit of s + b - (1 - -7)/2?
1
Suppose -17*p + 803279 = -50852. What is the hundreds digit of p?
2
Let k be ((-1722)/10)/(-3) - (-8)/(-20). Let q = k - 22. Let s = -18 + q. What is the tens digit of s?
1
Let b = 422 + -418. Suppose -4*p - 3*w = -3311, b*w = p + 4*p - 4131. What is the hundreds digit of p?
8
Let k(j) = 1475*j**2 + 49*j - 63. What is the hundreds digit of k(3)?
3
Let n(i) be the third derivative of i**5/10 - 11*i**4/24 - 2*i**3/3 - 28*i**2 + 2. What is the units digit of n(-4)?
6
Suppose 2*z + 190 = -4*y, 0 = 3*y - 2*z - 2*z + 126. Suppose 3865*p - 3877*p = 636. Let t = y - p. What is the units digit of t?
7
Let p(l) = -1966*l - 1674. What is the thousands digit of p(-7)?
2
Suppose -60429 = -12*k + 25615 + 114224. What is the ten thousands digit of k?
1
Let c(a) = -a + 1. Let n be c(-7). Let j be (14/n)/((14/(-8))/(-7)). Suppose j*t - 477 = 3*t - 5*w, 0 = -t - w + 118. What is the hundreds digit of t?
1
Suppose -2*a + 7*a - 23 = 2*g, -3*g + 3 = 0. What is the units digit of 18*(a + (-548)/(-12))?
2
Suppose 3*u + 73 - 79 = 0. Let m = -145 - -145. Suppose -u*r + 3*r + 4*f - 100 = m, 0 = -r - 5*f + 98. What is the tens digit of r?
0
Suppose 4*g + 4*b + 722 = 24154, -4*b + 29297 = 5*g. What is the thousands digit of g?
5
Let w = 19140 - 716. What is the ten thousands digit of w?
1
Suppose 29*d = 24*d - 50. What is the hundreds digit of (-694)/(-3) - d/15?
2
Suppose 85845 + 234044 + 277246 = 33*f. What is the thousands digit of f?
8
Let l be (-2)/(-2)*-2 + (-300 - 6). Let d = l - -316. What is the units digit of d?
8
Let k be (3 + -4)*-1*-226. Let t = 314 + k. What is the tens digit of t?
8
Let g be (-87)/(-2)*(-10)/(-15). Suppose -10*j = -11 - g. What is the units digit of j/14 + 6630/119?
6
Suppose -a - 27 = -31. Suppose 5*w - 1062 - 2123 = 2*c, 0 = -a*w + 3*c + 2548. What is the hundreds digit of w?
6
Let y be (13/(26/(-24)))/(30/(-20)). Suppose 0 = y*t + 95 - 1767. What is the tens digit of t?
0
Suppose -3*b - 58018 = -5*w, 34*b - 51*b = -4*w + 46502. What is the units digit of w?
0
Suppose -3*h = 5*s - 264, -6*s + s = -2*h + 151. Let q = h + 174. What is the tens digit of q?
5
Let r(d) = d**3 + 7*d**2 + 3*d + 24. Let i be r(-7). Suppose i*t - 213 = -2*f, 4*t = -2*f - f + 320. Suppose f = 7*z + 2*z. What is the tens digit of z?
1
Suppose -8*k + 8 = -6*k. Suppose -k*y - 713 = -3*l, 5*l + 363 = -y - y. Let z = -88 - y. What is the tens digit of z?
9
Suppose -a + 65 = -5*g + 3*a, -2*g = 5*a - 7. What is the units digit of 64 + (3 - g/(-4 + 1))?
4
Suppose n + 9*n - 950328 = -14*n. What is the tens digit of n?
9
Suppose -5265 = r + 5*a - 19582, 2*a = -3*r + 42990. What is the hundreds digit of r?
3
Let b = 91 - -2753. What is the units digit of b?
4
What is the hundreds digit of (5363358/(-34))/(-3) + (-107)/(-1819)?
5
Let x be 9 - -2 - (-5 + 14). Suppose 2*c = -5*i + 1102, x*c - 4*i - 170 = 950. What is the hundreds digit of c?
5
Suppose 2 = 2*g - g. Suppose 0*y - g*p = 3*y + 6, 0 = -5*p. What is the tens digit of 14/(40/19 + y)?
3
Let v be (-9348)/(-19) + -4*2. Suppose -7*z + v = -6*z + l, -4*l = -4*z + 1896. What is the tens digit of z?
7
Suppose -13*w = -15*w + 66. Suppose -9*u + 84 = -w. Suppose -8*k = -u*k + 620. What is the tens digit of k?
2
What is the ten thousands digit of (-15 - 407970/(-36))*12/5?
2
Let t be 0 + 5 + (-3)/1. Let x(c) = 3*c + 12. Let k be x(-4). Suppose 5*b - 237 = -t*q - k*b, -q = 5*b - 106. What is the tens digit of q?
3
Suppose -2728*v + 2752*v - 2173584 = 0. What is the hundreds digit of v?
5
Suppose 4*r - 85166 = -5*f, -20119 = 4*f - r - 88235. What is the units digit of f?
0
Let m = 2680 - 2286. What is the hundreds digit of m?
3
Let r = 76 - 78. Let w be (3/9 + 1)*(115 - r). Suppose 2*i - w = 2*v, -2*i - 2*v + 45 = -131. What is the tens digit of i?
8
Suppose 42 = 4*s + w - 87, 0 = 2*s + w - 63. Suppose -4*o - 1 + s = 0. Let k(z) = -z**3 + 9*z**2 + 4*z + 9. What is the hundreds digit of k(o)?
1
Let n be -11 - -3 - (4 - 2). Let a be -1*((-4)/n)/(2/5). What is the tens digit of 84 + (5 + -6 - a)?
8
What is the hundreds digit of (382/(-10))/(162/(-11340)) + 9?
6
Let h = 15157 - 8639. What is the hundreds digit of h?
5
Let s = -2097 + 3482. Suppose 8*z - 5319 = s. What is the tens digit of z?
3
Let a(w) = 4*w**2 + 24*w - 223. Let x = -278 + 253. What is the hundreds digit of a(x)?
6
Let m(x) = -20*x + 14. Let d be 546/(-130) + (-12)/(-10). What is the tens digit of m(d)?
7
Let a be (-3)/((11/770)/(14/(-15))). Let y = 15 + a. What is the hundreds digit of y?
2
Let c be 14/21*(-3)/1 + 3. Let v be c/(14/21 + (-31)/51). Suppose z - v - 2 = 0. What is the tens digit of z?
1
Suppose 129*o + 9424142 = 500*o. What is the tens digit of o?
0
Let o = 12305 - 9684. What is the units digit of o?
1
Let z = 35 + -32. Suppose -4*f = -2*c + 18, 2*f - 12 = -z*c + 31. What is the tens digit of (c/(-4))/(2/(-8))?
1
Let v(r) = -8*r - 1. Suppose 0 = -2*y - 2*y + 2*o - 4, 3*y + 3*o = 15. Let z be v(y). What is the tens digit of (z/(-6))/(2/68)?
5
Let v(i) = 136*i**2 + 66*i + 107. What is the tens digit of v(-5)?
7
Let d = -24012 + 35453. What is the thousands digit of d?
1
Let u(s) = -s**3 + 7*s**2 - 10*s. Let x be u(5). Suppose 4*t + 337 - 2253 = x. Suppose 2*h + 408 = 4*l - 234, -3*l + t = -h. What is the hundreds digit of l?
1
Let h(k) = -k**2 - 8*k + 20. Let m be h(-10). Suppose -2*u - b - 3*b - 6 = m, -4*u + 4*b = 0. What is the hundreds digit of (u*(-436)/6)/((-2)/(-3))?
1
Let p(t) = -39*t - 23. Let s be p(4). Let n = 803 + s. What is the hundreds digit of n?
6
Suppose 73*w - 361*w + 1783906 = -1788446. What is the ten thousands digit of w?
1
Suppose 44*l = 2*n + 39*l - 10779, 0 = l + 5. What is the thousands digit of n?
5
Let p = 89848 + -27727. What is the tens digit of p?
2
Suppose 0*d = -3*d - 5*p + 59651, 0 = -2*d + 2*p + 39794. What is the tens digit of d?
9
Suppose -26 = -3*d + 16*d. Let u be d + (1 - -3 - 2) - 223. Let l = u + 329. What is the hundreds digit of l?
1
Let d = 392 + -390. Suppose 4*c - 1004 = -5*a, -d*a + 181 = 4*c - 211. What is the tens digit of a?
0
Suppose -2*g = -29 - 73. Let d(x) = x**3 + 2*x**2 - 3*x. Let w be d(3). What is the units digit of (g/9)/((14/w)/7)?
2
Suppose -l = -3*f - 8440 + 101268, 30916 = f + 5*l. What is the ten thousands digit of f?
3
Let r be (-13 + 3)*39122/(-4). What is the tens digit of 1/4 + r/124?
8
Let o(d) = -14185*d + 1435. What is the ten thousands digit of o(-3)?
4
Let x(w) = 52*w**2 + 28*w - 124. Let m(a) = 5*a + 81. Let l be m(-15). What is the units digit of x(l)?
6
Suppose -3*p + 4*x - 849 = -8*p, 0 = 2*x + 8. Suppose -3*y + p = -h - 113, 0 = -4*y + 4*h + 392. What is the tens digit of y?
9
Suppose -115843 + 34078 + 464537 = 52*x. What is the thousands digit of x?
7
Let r be (-8)/3*(-15)/10. Let c(m) = m**3 - 5*m**2 + 2*m + 5. Let l be c(r). What is the hundreds digit of 0 + l/(4/4) + 134?
1
Let j be 1 - 1 - (0 + -3). Suppose 0 = -8*f + 9 + 15. Suppose f*a - 802 = -2*a - 3*i, 0 = -3*a + j*i + 462. What is the tens digit of a?
5
Let s = 45 + -41. Suppose s*t - 12*t + 40 = 0. Let i = t - -13. What is the tens digit of i?
1
Let s(q) = -6658*q + 3918. What is the ten thousands digit of s(-5)?
3
Let x be ((-24)/(-20))/(8/(-460)). What is the 